
Let q(s) = -68*s + 807. Calculate q(12).
-9
Let d(m) = 2*m**3 - 31*m**2 - 17*m + 21. Calculate d(16).
5
Let w(m) = m - 22. Give w(3).
-19
Let c(z) = -47*z - 1072. Determine c(-23).
9
Let r(o) = o**3 + 8*o**2 - 45*o + 50. Give r(-12).
14
Let v(x) = x**3 - 11*x**2 - 98*x + 11. Give v(-6).
-13
Let d(k) = k**3 - 12*k**2 - 6*k + 30. Determine d(11).
-157
Let v(p) = -5767*p - 74978. Calculate v(-13).
-7
Let w(l) = -3*l**3 - 120*l**2 - 117*l + 10. Calculate w(-39).
10
Let b(a) = -6*a**3 - 43*a**2 - 60*a - 1. Give b(-2).
-5
Let j(f) = 8*f**3 + 56*f**2 + f + 5. Give j(-7).
-2
Let j(b) = -8*b**2 + 498*b + 371. Determine j(63).
-7
Let c(i) = i**3 - 47*i**2 - 100*i + 147. Determine c(49).
49
Let s(t) = 58*t**2 - 3*t - 9. What is s(-2)?
229
Let r(o) = -4*o**3 + 4*o**2 + 3*o - 14. Determine r(2).
-24
Let v(x) = -3*x**2 - 145*x - 92. Determine v(-48).
-44
Let r(p) = -12*p + 212. Calculate r(14).
44
Let x(m) = m**2 - 602*m - 2430. Give x(-4).
-6
Let j(y) = -3*y**3 - 12*y**2 + 98*y + 4. What is j(4)?
12
Let h(c) = -15*c + 1494. Calculate h(102).
-36
Let n(t) = 372*t - 8581. What is n(23)?
-25
Let p(d) = 3*d**3 - 21*d**2 + 41*d - 137. Give p(6).
1
Let p(n) = -15*n + 296. Calculate p(20).
-4
Let r(s) = 124*s - 130. What is r(2)?
118
Let d(n) = -2*n**3 + 9*n**2 - 8*n - 17. Give d(5).
-82
Let r(p) = -120*p**2 + 198*p + 397. Determine r(-2).
-479
Let l(j) = 13*j**2 + 44*j + 17. Determine l(-6).
221
Let t(k) = -563*k + 2211. Calculate t(4).
-41
Let u(v) = -v**2 - 54*v - 5. Calculate u(-54).
-5
Let o(d) = 3*d**3 - 192*d**2 + 191*d - 118. What is o(63)?
8
Let i(k) = 3*k**2 - 21*k - 11. Calculate i(8).
13
Let b(j) = -133*j - 1455. Calculate b(-11).
8
Let w(b) = -99*b - 168. Give w(-1).
-69
Let b(n) = -2*n**2 - 222*n - 772. Calculate b(-107).
84
Let m(j) = 26*j + 90. What is m(-4)?
-14
Let b(k) = -743*k - 31940. What is b(-43)?
9
Let n(t) = 2174*t - 8699. What is n(4)?
-3
Let d(i) = -i**2 - 114*i - 8. Give d(0).
-8
Let v(a) = 548*a**2 - 4943*a + 96. Determine v(9).
-3
Let b(z) = z**2 - 11*z - 723. What is b(-23)?
59
Let y(j) = -192*j - 2923. Give y(-15).
-43
Let o(z) = z**3 - 15*z**2 - 184*z + 43. What is o(23)?
43
Let g(d) = 10*d**3 - 51*d**2 + 11*d - 3. Calculate g(5).
27
Let x(n) = n**3 - 42*n**2 + 119*n - 103. Give x(39).
-25
Let h(m) = -58*m - 8915. Calculate h(-154).
17
Let t(s) = 7*s**2 + 71*s + 5. Calculate t(-10).
-5
Let j(f) = -f**3 - 28*f**2 + 24*f + 638. Determine j(-28).
-34
Let u(m) = 122*m - 19. Determine u(2).
225
Let u(p) = -183*p + 733. Determine u(4).
1
Let c(u) = -u**3 - 215*u**2 - 3001*u - 154. Calculate c(-200).
46
Let y(o) = -16*o + 984. Give y(61).
8
Let s(o) = -52*o**2 + 64*o + 5. Determine s(1).
17
Let d(f) = 15*f - 536. What is d(31)?
-71
Let f(g) = -344*g**2 + 25456*g - 81. What is f(74)?
-81
Let v(i) = 6*i**2 + 36*i - 38. Calculate v(1).
4
Let w(n) = 7814*n + 39071. Determine w(-5).
1
Let n(s) = -3*s - 845. What is n(-73)?
-626
Let n(a) = 17*a + 412. Determine n(-25).
-13
Let w(m) = m**3 + 62*m**2 - 124*m + 257. Give w(-64).
1
Let d(m) = -662*m + 3312. Give d(5).
2
Let m(g) = -2*g**2 - 5*g - 30. Give m(-6).
-72
Let b(w) = 2*w**3 - 60*w**2 + 59*w - 38. Calculate b(29).
-9
Let y(v) = -3*v**2 + 61*v + 1. Calculate y(9).
307
Let k(s) = -20*s**2 - 61*s + 9. What is k(-3)?
12
Let f(q) = -1012*q - 4. What is f(0)?
-4
Let v(b) = 9*b + 31. Give v(4).
67
Let z(x) = 108*x - 5040. Calculate z(47).
36
Let c(g) = -g**3 + 26*g**2 + 36*g - 14. Calculate c(27).
229
Let h(g) = g**3 + 43*g**2 - 40*g + 95. Determine h(-44).
-81
Let n(p) = -p**3 + 68*p**2 - 7*p + 372. Calculate n(68).
-104
Let l(d) = -497*d - 7970. Give l(-16).
-18
Let r(t) = 2*t**2 - 62*t + 523. What is r(15)?
43
Let q(g) = g**2 + 1354*g + 14768. What is q(-11)?
-5
Let u(t) = -410*t - 8204. Calculate u(-20).
-4
Let o(a) = 104*a - 167. Give o(4).
249
Let a(o) = -179*o - 627. Give a(-3).
-90
Let c(t) = 8*t**2 - 70*t + 13. Give c(9).
31
Let h(b) = -1283*b + 23093. Give h(18).
-1
Let m(y) = y**2 - 95*y + 1420. Calculate m(75).
-80
Let h(n) = 2*n**3 + 34*n**2 + 28*n + 402. Give h(-17).
-74
Let a(h) = h**2 - 55*h + 252. Give a(46).
-162
Let o(c) = 16*c - 106. Give o(22).
246
Let n(m) = 2*m**3 + 153*m**2 + 78*m + 172. Give n(-76).
20
Let l(w) = 5*w + 172. What is l(-9)?
127
Let m(a) = a**2 - 59*a + 867. Give m(28).
-1
Let p(z) = z**2 + 2*z - 6. Calculate p(-18).
282
Let g(p) = -5*p**3 + 62*p**2 - 165*p + 109. Determine g(9).
1
Let t(d) = d**3 + 10*d**2 + 93*d + 629. What is t(-8)?
13
Let v(x) = x**2 + 63*x + 970. What is v(-39)?
34
Let i(a) = 42*a - 258. Give i(6).
-6
Let l(j) = 82*j - 824. What is l(10)?
-4
Let m(w) = 41*w**2 - 417*w - 26. What is m(10)?
-96
Let w(i) = 8*i**2 + 4*i + 8. Determine w(-2).
32
Let l(p) = 6*p**2 + 34*p + 13. Give l(-6).
25
Let t(j) = -j**3 - 4*j**2 - 44*j - 419. Give t(-7).
36
Let g(n) = 807*n + 8875. What is g(-11)?
-2
Let g(u) = -u**2 - 109*u + 142. Give g(0).
142
Let y(b) = -b**2 + 11*b + 573. What is y(-19)?
3
Let d(g) = 29*g**2 - 124*g - 5. What is d(3)?
-116
Let v(s) = 91*s + 309. Calculate v(-3).
36
Let s(z) = 180*z**3 - 7*z**2 + 7*z - 2. Calculate s(1).
178
Let f(a) = -a**3 + 21*a**2 - 96*a - 175. Determine f(11).
-21
Let k(c) = -3*c**2 + 14*c - 41. What is k(7)?
-90
Let y(d) = 80*d + 380. What is y(-5)?
-20
Let f(m) = -10790*m - 53902. Give f(-5).
48
Let a(k) = k**2 + 9*k + 34. Calculate a(-7).
20
Let u(x) = -14*x + 504. Give u(35).
14
Let p(a) = a**3 - 53*a**2 + 436*a - 115. Calculate p(43).
143
Let z(h) = 40*h**3 - 5*h**2 + 11*h - 2. Calculate z(2).
320
Let z(m) = m**2 + 16*m - 10. Determine z(-16).
-10
Let h(y) = -33*y + 3073. What is h(94)?
-29
Let c(s) = 3292*s - 29624. Calculate c(9).
4
Let g(d) = d**3 + 8*d**2 + 7*d - 7. Determine g(-7).
-7
Let v(w) = 406*w - 8526. Determine v(21).
0
Let q(g) = 4*g**2 + 110*g - 663. What is q(6)?
141
Let v(t) = 18*t - 238. What is v(13)?
-4
Let u(f) = 2*f**2 - 10*f - 545. What is u(-14)?
-13
Let v(l) = l**3 - 19*l**2 + 36*l - 329. Calculate v(18).
-5
Let u(h) = 2*h**3 + 9*h**2 + 127*h - 293. What is u(2)?
13
Let s(t) = -t**3 - 16*t**2 - 61*t - 61. Calculate s(-11).
5
Let i(w) = 3*w**2 + 319*w + 2456. Determine i(-98).
6
Let m(n) = -11*n**2 + 253*n + 28. Determine m(23).
28
Let l(f) = f**2 + f - 139. Determine l(-13).
17
Let t(r) = -127*r + 1135. Determine t(10).
-135
Let c(s) = -2*s**2 + 13*s + 74. Calculate c(16).
-230
Let o(j) = -145*j - 67. What is o(-1)?
78
Let s(d) = 2*d**2 - 23*d - 1. What is s(10)?
-31
Let n(d) = 2*d**3 - 53*d**2 + 140*d + 18. What is n(3)?
15
Let v(m) = m**3 - 14*m**2 - 126*m - 36. Give v(21).
405
Let s(b) = -57*b**3 - 96*b**2 + 101*b - 6. Determine s(1).
-58
Let d(o) = -o**2 + 37*o + 662. Give d(-13).
12
Let t(y) = -y**3 + 133*y**2 + 1581*y + 436. Give t(144).
4
Let k(a) = 7*a + 51. Calculate k(21).
198
Let x(v) = v**3 + 5*v**2 - 22*v - 22. What is x(-7)?
34
Let i(l) = 5*l**3 - 63*l**2 + 11*l - 34. Give i(13).
447
Let i(z) = -100*z - 10929. Give i(-109).
-29
Let c(g) = 18*g + 477. What is c(-27)?
-9
Let f(l) = -17*l - 682. Determine f(-43).
49
Let v(r) = -r + 33. What is v(44)?
-11
Let o(z) = -35*z + 584. Give o(16).
24
Let q(p) = -116*p**3 - p**2 + p. Determine q(1).
-116
Let m(x) = -5*x**2 - 307*x + 3402. Determine m(-71).
-6
Let z(w) = -70*w + 216. What is z(-5)?
566
Let m(d) = -45*d - 643. Calculate m(-15).
32
Let h(j) = -j**3 - 6*j**2 + 110*j - 19. Determine h(-14).
9
Let j(v) = v**2 + 30*v + 163. What is j(-11)?
-46
Let s(i) = -2*i**3 + 59*i**2 - 81*i - 64. What is s(28)?
20
Let a(n) = -n**3 - 126*n**2 + 202*n - 6916. Give a(-128).
-4
Let j(o) = o**2 - 151*o + 2269. What is j(134)?
-9
Let t(g) = 2*g**2 + 123*g + 110. Calculate t(-53).
-791
Let z(j) = -253*j - 3288. Determine z(-13).
1
Let v(h) = 3*h - 205. Give v(26).
-127
Let w(f) = -5*f**2 + 69*f - 25. What is w(13)?
27
Let a(c) = 841*c + 10914. What is a(-13)?
-19
Let n(w) = 2*w**3 + 112*w**2 + 247*w + 1671. Determine n(-54).
-3
Let w(h) = -26*h**2 - 279*h - 405. What is w(-9)?
0
Let p(s) = s**2 - 63*s + 956. Calculate p(0).
956
Let b(u) = 6*u**2 - 186*u + 95. Give b(30).
-85
Let a(y) = 5*y**2 + 279*y - 246. Determine a(-57).
96
Let r(z) = 4*z**2 + 11*z + 25. What is r(-3)?
28
Let t(i) = -2*i**3 + 3*i**2 + 43*i - 12. Determine t(6).
-78
Let l(i) = -47*i**2 - 30*i - 104. Determine l(-4).
-736
Let o(w) = -212*w - 839. Give o(-4).
9
Le